de j?
True
Let g(n) be the second derivative of n**5/20 - n**4 + 11*n**3/6 - 6*n**2 - n. Let y be g(11). Is 16 a factor of -3*(-8)/y + 98?
True
Let b(u) = 67*u + 275. Let d be b(-4). Is 45 a factor of 7/(d/5) + 85?
True
Suppose -616 = -n - 3*a + 2318, 0 = 4*n + a - 11637. Is 18 a factor of n?
False
Let j(x) = x - 9. Let b be j(16). Suppose 11*y - 808 = b*y. Is 20 a factor of y?
False
Let q(j) = 685*j + 3919. Is q(19) a multiple of 53?
False
Is 79 a factor of (-28)/2 + (10759 - 80)?
True
Suppose 3*o - 8*o + 4 = 3*q, o + 7 = 2*q. Let f be (0/(q + -2))/((-6)/(-3)). Suppose 3*v = -5*n + 188, 3*v = -f*v + 2*n + 160. Is 28 a factor of v?
True
Suppose 30*u - 8052 = 30108. Let r = -99 + u. Is r a multiple of 10?
False
Suppose -3*o + 0*a + 12 = 2*a, 0 = 5*o + a - 20. Suppose -o*z + 147 = 5*i, 3*z - 81 = z + 5*i. Does 19 divide z/((0 + 2)*(-3)/(-24))?
True
Suppose 0 = 1120*n - 1121*n + 24. Suppose -19993 = -n*r - 913. Does 53 divide r?
True
Suppose -16*q = q - 38382 - 72050. Is q a multiple of 7?
True
Suppose -x = 5*l - 4*l + 17, 2*x + l + 34 = 0. Is 16 a factor of (2 + x + 14)/((-1)/102)?
False
Suppose 20 = 5*z, -5*k + 0*z + 136 = 4*z. Let s = -29 + k. Let d = s - -14. Does 9 divide d?
True
Let k(h) = h**3 + 25*h**2 + 8*h - 120. Is k(-24) a multiple of 11?
True
Let b = -127 + 36. Let q = -27 - b. Does 16 divide q?
True
Let f(r) = -3*r**2 - 63*r - 40. Let l be f(-27). Let c = -509 - l. Is c even?
False
Let d be -275 - 2 - (-126)/21. Let m = d - -386. Is 23 a factor of m?
True
Let v = 5350 + -4161. Is v a multiple of 8?
False
Is 46 a factor of 1896/553*(-14)/(-18)*63618/8?
True
Suppose -2962 = -5*v - 131*l + 129*l, 0 = -5*v + l + 2944. Does 3 divide v?
False
Let b(g) = -13*g + 4*g + 4*g - 17 - 17. Let r be b(-8). Is (-4)/(-2)*159/r a multiple of 53?
True
Is 107 a factor of 2749140/84 - 43/(-301)?
False
Let c = -517 - -807. Suppose -c = -5*t + 5*s, 4*t - 96 = 2*t - 2*s. Suppose 204 = z - t. Does 8 divide z?
False
Let c(t) = t**2 - 3*t - 13. Let p be 7*(6 + -10 + 5). Does 6 divide c(p)?
False
Suppose -19*i + 20*i + 2596 = 4*k, 3*i - 12 = 0. Does 25 divide k?
True
Let s(q) = 405*q + 2394. Is 12 a factor of s(30)?
True
Suppose -32633 = -11*j - 105006 + 406597. Does 24 divide j?
True
Suppose 5*m + 90 = -5*t, -5*t = 5*m - 6*m + 72. Does 16 divide -1 + -5 - 4410/t?
True
Let m = -107 - -103. Is 7 a factor of 14*3/m*928/(-48)?
True
Let a(z) = z**3 - 24*z**2 + 8*z + 1. Suppose -28 = 6*c - 172. Is 41 a factor of a(c)?
False
Suppose 56*b + 52*b - 43*b - 316550 = 0. Does 53 divide b?
False
Suppose 2115 = 5*t - 5*w, -t + 423 = 7*w - 4*w. Suppose -z = -4*u + 2*z + t, 4*z - 120 = -u. Is 12 a factor of u?
True
Let c = 4204 + -3448. Is 63 a factor of c?
True
Let j be ((84/(-8))/(-7))/(3/16). Let o(v) = v - 9. Let a be o(j). Is ((-31)/(-3) - a - 1)*3 a multiple of 17?
False
Is (-43 - -90 - 41)/((-15571)/(-7784) - 2) a multiple of 139?
True
Does 99 divide ((-44)/(-6)*-1)/((-3786650)/(-222750) + -17)?
True
Let r = -14361 - -17029. Does 23 divide r?
True
Suppose 4*k + 204 = 2*y - 6*y, -5*y = 2*k + 93. Let g = k + 58. Suppose 61 = 2*r - 5*o, g*r - 3*o = r + 114. Does 13 divide r?
False
Let f = 470 - -68. Is 30 a factor of f/(-10)*-5 - 0?
False
Suppose 12*c = b + 7*c - 4927, -c + 24557 = 5*b. Is b a multiple of 16?
True
Suppose 108*l - 2373900 = 8*l. Is l a multiple of 41?
True
Let z(u) = -u**2 + 36*u - 21. Is 28 a factor of z(29)?
False
Suppose -5*k - 661 = -5*j - 186, -496 = -5*j - 2*k. Suppose -j = -w - 4*u, 207 = 2*w - u - 16. Is (108/10)/(33/w) a multiple of 18?
True
Let t be (-2 - (-159)/2)*(10 - 8). Let w = -105 + t. Is w a multiple of 10?
True
Suppose 8*k = k + 77. Let a(d) = -d**3 + 10*d**2 + 28*d - 16. Let f be a(k). Let p = -117 + f. Is 5 a factor of p?
False
Let c(h) = h**3 + 8*h**2 + 4*h + 2. Let d be c(-6). Suppose 23*s + 96 = -25*s. Is 7 a factor of 2 - (d/s)/1?
False
Let y = 42 - -2. Let j = y + -30. Is 6 a factor of j?
False
Let q be 8/(-5)*(-2)/(4/5). Let u be -6*(q*(-3)/18)/2. Suppose 0 = 3*k - r - 160, 0 = -u*k - k + 2*r + 158. Does 20 divide k?
False
Suppose 2*c + o = 6, 4*c - 3*c = -o + 1. Suppose 0 = -0*v + 2*v. Suppose -c*n - 224 = -4*y - v*n, 0 = -3*n. Is y a multiple of 10?
False
Suppose 85298 + 117814 = 7*m. Does 72 divide m?
True
Let r = -135 + -63. Let a = -709 + 610. Let x = a - r. Is x a multiple of 33?
True
Let i = 41 - 41. Is 51 a factor of -5 - -21 - 13 - (i - 609)?
True
Let g(x) = 2*x**2 + 28. Let z be ((-6)/4 + -1)/((-4)/8). Let r be g(z). Suppose r*c - 73*c = 415. Does 19 divide c?
False
Suppose -133*b + 1071027 + 358324 = 0. Does 5 divide b?
False
Suppose 4*m - 5*d = -0*d + 27, -5*m - d = -70. Let f = -12 + m. Is 0 + 1 + 56*f a multiple of 12?
False
Suppose 1229596 + 785540 = 37*b + 351690. Is 118 a factor of b?
True
Suppose -14*n + 7008 = -12*n. Is (-6)/(-45) - n/(-45) a multiple of 7?
False
Let x(q) = -2*q**3 + 25*q**2 + 10*q + 11. Let o be x(12). Suppose -13*d + 8*d - o = 0. Let s = d + 159. Is s a multiple of 16?
False
Suppose 42*t = -126*t + 1480416. Is 10 a factor of t?
False
Let u be 4/1 + 39 - -2. Let o = u - -75. Does 15 divide o?
True
Suppose 21*q - 640 = 5*q. Suppose 5*r - q = 4*r. Does 10 divide r?
True
Let y be (1 - (-6)/(-2))/((-3)/48). Let j be 2/9 - y/(-18). Suppose 3*c - 155 = -j*c + o, -3*o + 15 = c. Does 25 divide c?
False
Let d = 53 + -51. Suppose p - 189 = -d*g + 58, -988 = -4*p - 2*g. Does 13 divide p?
True
Let z(g) = -56*g - 208. Let q(a) = 56*a + 210. Let y(x) = 4*q(x) + 5*z(x). Is 40 a factor of y(-5)?
True
Suppose 0*c - 5*n = 2*c - 4266, 0 = 5*c + 4*n - 10648. Is c a multiple of 14?
True
Let t(g) = -2*g**3 + 3*g**2 - g + 2. Let l be t(2). Let f be 16/6 - (8/(-3))/l. Suppose -406 = -4*c - 0*c + f*m, -4*c + 418 = 2*m. Is c a multiple of 19?
False
Suppose i = 14*i - 65. Does 55 divide (-14516)/(-32) - i - 18/(-48)?
False
Let r(w) = -17 + 51 + 32*w + 16. Is 22 a factor of r(6)?
True
Let v be 24/(-10) + 3*4/(-20). Is (2/(4/v))/(75/(-6900)) a multiple of 2?
True
Let z(q) = 3*q**3 - 250*q**2 - 787*q + 102. Is 34 a factor of z(87)?
True
Suppose 0*v - v + 14 = 0. Suppose -8 = 24*q + 1 + 39. Let t = v - q. Does 16 divide t?
True
Suppose 0 = -24*f + 3759 + 3852 - 3. Is 33 a factor of f?
False
Let w = 44 + -40. Let h be 1 - (w + 21 + -4). Is (h/8 - 3/6) + 19 a multiple of 3?
False
Let k(t) = -2*t + 17. Suppose -2*f + y + 15 = 0, 4*f + y = -y + 26. Let n be k(f). Suppose -n*c + 634 = -2*r, -2*c - 3*r = c - 609. Is 26 a factor of c?
True
Let c = -1391 + 2308. Let o(t) = -t**3 - 3*t**2 - 62*t - 357. Let m be o(-5). Suppose -3*i = -3*g - c + 320, -3 = m*g. Is 42 a factor of i?
False
Suppose 1 = 3*y - 5. Let x(d) be the second derivative of 2*d**5/5 - 5*d**4/12 - d**3/6 + 5*d**2/2 + 80*d - 1. Is x(y) a multiple of 8?
False
Let o(x) = x**3 + 14*x**2 - 60*x + 3. Let y(a) = a**3 + 23*a**2 + 24*a + 27. Let j be y(-22). Is o(j) a multiple of 8?
False
Does 117 divide 35717 - 18 - -17 - 23?
False
Suppose 7*a + 125 - 13 = 0. Let d = a + 18. Suppose -d*m - m = -81. Is 11 a factor of m?
False
Let k be 16 + 12/3 - 2*-2. Let g = k + -44. Is 1*11 - (0 + g/5) a multiple of 2?
False
Let m(b) = -b**3 + 13*b**2 + 9*b - 49. Let l be m(11). Let g = 52 + l. Is 36 a factor of g?
False
Suppose 0 = 3*h - 3*y + 66, 4*y = 5*h - 2*h + 63. Let w be 3*-10*70/h. Let g = 184 - w. Is 10 a factor of g?
True
Let a be 14/10 + (-3)/(-5). Let i be 4 + a/(-6)*3. Suppose 2*q = -f + 34 + 40, -i*q - 9 = 0. Is 20 a factor of f?
True
Is 121 a factor of 4/130 - (-282259439)/33995?
False
Suppose 0 = -3*h - 3*u - 12, -h - h - 24 = 6*u. Suppose 2*z + 1037 = g + 3*z, 2*z + 8 = h. Is 13 a factor of g?
False
Let v(k) = -k**3 - 6*k**2 + 37*k. Let y be v(-8). Let l = -48 - y. Does 15 divide l?
True
Suppose k = 10*k - 72. Suppose -34 = k*w + 14. Let q(l) = 2*l**3 + 16*l**2 + 11*l - 5. Is 25 a factor of q(w)?
False
Suppose 3*n + f + 18 = 0, -3*n + f + 6 = -4*n. Let h = 9 + n. Suppose -5*o - 4*t = -3*o - 34, h*o = -5*t + 54. Is o a multiple of 5?
False
Let n be 15/(-30) + (-5)/(-2). Suppose n*s = -3*s + 280. Suppose j + j = s. Is 7 a factor of j?
True
Let k be (-26)/(-6) + (0 + -3)/9. Let x be 7/((-28)/(-12)) - k. Let d(n) = -85*n - 1. Is 6 a factor of d(x)?
True
Suppose 0 = p + 2*h + 2*h, -3*p = 5*h. Let s be 1*(-1)/(p - 1). Suppose m - s = 11. Is 4 a factor of m?
True
Suppose -